{"id":33,"date":"2013-09-22T14:16:08","date_gmt":"2013-09-22T12:16:08","guid":{"rendered":"http:\/\/www.emporiovaltaro.it\/?page_id=33"},"modified":"2026-02-22T12:34:07","modified_gmt":"2026-02-22T11:34:07","slug":"chi-ci-sostiene","status":"publish","type":"page","link":"https:\/\/www.emporiovaltaro.it\/?page_id=33","title":{"rendered":"SOSTENITORI"},"content":{"rendered":"<style type=\"text\/css\" media=\"screen\">\n@media only screen and (max-width: 768px) {\n\t.campaign-loop.campaign-grid.masonry { -moz-column-count: 1; -webkit-column-count: 1; column-count: 1; }\n\t.campaign-loop.campaign-grid .campaign,.campaign-loop.campaign-grid .campaign.hentry { width: 100% !important; }\n}\n<\/style>\n\t\t<ol class=\"campaign-loop campaign-list\">\n\n<li id=\"campaign-2581\" class=\"post-2581 campaign type-campaign status-publish hentry campaign-has-no-goal campaign-is-endless\">\n\t<a href=\"https:\/\/www.emporiovaltaro.it\/?campaign=dona-una-spesa-ad-emporio-solidale-valtaro\">\n\t\t\n\t\t<h3>Dona una SPESA ad EMPORIO SOLIDALE VALTARO<\/h3>\n\n\t\t\t<\/a>\n\t<div class=\"campaign-description\">\n\t<p>SOSTIENI L\u2019EMPORIO SOLIDALE VALTARO Dona una spesa solidale all\u2019Emporio Solidale Valtaro , la donazione sara\u2019 utilizzata per acquisto di generi alimentari, per l&#8217;infanzia e sostegno all&#8217;istruzione. I generi saranno distribuiti nella giornata di venerd\u00ec La donazione pu\u00f2 essere anonima o nominativa, Verr\u00e0 inviata al donatore una ricevuta della donazioni. La ricevuta, insieme allo scontrino di pagamento online da diritto allo sgravio IRPEF pari al 35% del totale donato, per un massimo di 30.000 euro annui. LA MAIL DI RICEVUTA NON COSTITUISCE DOCUMENTO FISCALE CHE SARA&#8217; INVIATO NEI PROSSIMI GIORNI<\/p>\n<\/div>\n<div class=\"campaign-donation-stats\">\n<span class=\"amount\">&euro;150,00<\/span> donati<\/div>\n<div class=\"campaign-donation\">\n\t<a data-trigger-modal=\"charitable-donation-form-modal-loop\"\n\t\tdata-campaign-id=\"2581\"\n\t\tclass=\"button charitable-button donate-button button-primary\"\n\t\thref=\"https:\/\/www.emporiovaltaro.it\/?campaign=dona-una-spesa-ad-emporio-solidale-valtaro&#038;donate=1\"\n\t\t\t\taria-label=\"Fai una donazione a Dona una SPESA ad EMPORIO SOLIDALE VALTARO\">\n\t\tDona ora\t<\/a>\n<\/div>\n<\/li>\n<\/ol>\n\n\n<h1><img loading=\"lazy\" decoding=\"async\" class=\"aligncenter wp-image-1045\" src=\"https:\/\/www.emporiovaltaro.it\/wp-content\/uploads\/2013\/09\/donare-600x333.png\" alt=\"\" width=\"443\" height=\"246\" srcset=\"https:\/\/www.emporiovaltaro.it\/wp-content\/uploads\/2013\/09\/donare-600x333.png 600w, https:\/\/www.emporiovaltaro.it\/wp-content\/uploads\/2013\/09\/donare-300x166.png 300w, https:\/\/www.emporiovaltaro.it\/wp-content\/uploads\/2013\/09\/donare.png 660w\" sizes=\"auto, (max-width: 443px) 100vw, 443px\" \/><\/h1>\n<h1 style=\"text-align: center;\"><strong>ANCHE TU PUOI SOSTENERCI DONA ALL&#8217;EMPORIO SOLIDALE\u00a0UNA SPESA<\/strong><\/h1>\n<p>\u00a0<\/p>\n<h4 style=\"text-align: center;\"><em>ATTIVITA&#8217; COMMERCIALI CHE SOSTENGONO IL PROGETTO DONANDO GRATUITAMENTE GENERI DI PRIMA NECESSITA&#8217;<\/em><\/h4>\n<h2 style=\"text-align: center;\"><a href=\"http:\/\/www.labottegadelpanedibinacchi.it\/index.html\" target=\"_blank\" rel=\"noopener\"><b><span class=\"fs12lh1-5 cf1\">LA BOTTEGA DEL PANE DI EROS BINACCHI<\/span><\/b><\/a><\/h2>\n<h2 style=\"text-align: center;\"><span class=\"fs10lh1-5 cf2\">Via della Libert\u00e0 10 &#8211; Borgo val di Taro<\/span><\/h2>\n<h1 style=\"text-align: center;\"><a href=\"https:\/\/www.carrefour.it\/punti-vendita\/carrefour-express-borgo-val-di-taro-piazza-farnese-n-9-2037.html\" target=\"_blank\" rel=\"noopener\">Supermercato Carrefour Express<\/a><\/h1>\n<h1 style=\"text-align: center;\">BORGO VAL DI TARO &#8211; Piazza Farnese, 9<\/h1>\n<h4 style=\"text-align: center;\">ENTI PATROCINANTI<\/h4>\n<p style=\"text-align: center;\"><a href=\"https:\/\/www.emporiovaltaro.it\/wp-content\/uploads\/2013\/09\/logo_Fond_cariparma_x_universit.jpg\"><img loading=\"lazy\" decoding=\"async\" class=\" wp-image-95 aligncenter\" src=\"https:\/\/www.emporiovaltaro.it\/wp-content\/uploads\/2013\/09\/logo_Fond_cariparma_x_universit-300x89.jpg\" alt=\"logo_Fond_cariparma_x_universit\" width=\"274\" height=\"81\" srcset=\"https:\/\/www.emporiovaltaro.it\/wp-content\/uploads\/2013\/09\/logo_Fond_cariparma_x_universit-300x89.jpg 300w, https:\/\/www.emporiovaltaro.it\/wp-content\/uploads\/2013\/09\/logo_Fond_cariparma_x_universit.jpg 794w\" sizes=\"auto, (max-width: 274px) 100vw, 274px\" \/><\/a><\/p>\n<p style=\"text-align: center;\"><a href=\"https:\/\/www.emporiovaltaro.it\/wp-content\/uploads\/2013\/09\/logonew.jpg\"><img loading=\"lazy\" decoding=\"async\" class=\"size-medium wp-image-134\" src=\"https:\/\/www.emporiovaltaro.it\/wp-content\/uploads\/2013\/09\/logonew-300x80.jpg\" alt=\"logonew\" width=\"300\" height=\"80\" srcset=\"https:\/\/www.emporiovaltaro.it\/wp-content\/uploads\/2013\/09\/logonew-300x80.jpg 300w, https:\/\/www.emporiovaltaro.it\/wp-content\/uploads\/2013\/09\/logonew.jpg 792w\" sizes=\"auto, (max-width: 300px) 100vw, 300px\" \/><\/a><\/p>\n<p style=\"text-align: center;\"><a href=\"https:\/\/www.emporiovaltaro.it\/wp-content\/uploads\/2013\/09\/imagesww.jpeg\"><img loading=\"lazy\" decoding=\"async\" class=\"size-full wp-image-98\" src=\"https:\/\/www.emporiovaltaro.it\/wp-content\/uploads\/2013\/09\/imagesww.jpeg\" alt=\"imagesww\" width=\"133\" height=\"175\" \/><\/a><\/p>\n<p style=\"text-align: center;\"><span style=\"color: #000000;\"><a href=\"https:\/\/www.emporiovaltaro.it\/wp-content\/uploads\/2013\/09\/imagesww.jpeg\"><span style=\"color: #000000;\">C<\/span><\/a><a href=\"https:\/\/www.emporiovaltaro.it\/wp-content\/uploads\/2013\/09\/imagesww.jpeg\"><span style=\"color: #000000;\">omu<\/span><\/a><a href=\"https:\/\/www.emporiovaltaro.it\/wp-content\/uploads\/2013\/09\/imagesww.jpeg\"><span style=\"color: #000000;\">ne <\/span><\/a><a href=\"https:\/\/www.emporiovaltaro.it\/wp-content\/uploads\/2013\/09\/imagesww.jpeg\"><span style=\"color: #000000;\">di BO<\/span><\/a><\/span><span style=\"color: #000000;\"><a href=\"https:\/\/www.emporiovaltaro.it\/wp-content\/uploads\/2013\/09\/imagesww.jpeg\"><span style=\"color: #000000;\">RGO VAL DI TARO<\/span><\/a><\/span><\/p>\n<p style=\"text-align: center;\">\u00a0<\/p>\n\n<style type=\"text\/css\" media=\"screen\">\n@media only screen and (max-width: 768px) {\n\t.campaign-loop.campaign-grid.masonry { -moz-column-count: 1; -webkit-column-count: 1; column-count: 1; }\n\t.campaign-loop.campaign-grid .campaign,.campaign-loop.campaign-grid .campaign.hentry { width: 100% !important; }\n}\n<\/style>\n\t\t<ol class=\"campaign-loop campaign-grid campaign-grid-2 masonry\">\n\n<li id=\"campaign-2581\" class=\"post-2581 campaign type-campaign status-publish hentry campaign-has-no-goal campaign-is-endless\">\n\t<a href=\"https:\/\/www.emporiovaltaro.it\/?campaign=dona-una-spesa-ad-emporio-solidale-valtaro\">\n\t\t\n\t\t<h3>Dona una SPESA ad EMPORIO SOLIDALE VALTARO<\/h3>\n\n\t\t\t<\/a>\n\t<div class=\"campaign-description\">\n\t<p>SOSTIENI L\u2019EMPORIO SOLIDALE VALTARO Dona una spesa solidale all\u2019Emporio Solidale Valtaro , la donazione sara\u2019 utilizzata per acquisto di generi alimentari, per l&#8217;infanzia e sostegno all&#8217;istruzione. I generi saranno distribuiti nella giornata di venerd\u00ec La donazione pu\u00f2 essere anonima o nominativa, Verr\u00e0 inviata al donatore una ricevuta della donazioni. La ricevuta, insieme allo scontrino di pagamento online da diritto allo sgravio IRPEF pari al 35% del totale donato, per un massimo di 30.000 euro annui. LA MAIL DI RICEVUTA NON COSTITUISCE DOCUMENTO FISCALE CHE SARA&#8217; INVIATO NEI PROSSIMI GIORNI<\/p>\n<\/div>\n<div class=\"campaign-donation-stats\">\n<span class=\"amount\">&euro;150,00<\/span> donati<\/div>\n<div class=\"campaign-donation\">\n\t<a data-trigger-modal=\"charitable-donation-form-modal-loop\"\n\t\tdata-campaign-id=\"2581\"\n\t\tclass=\"button charitable-button donate-button button-primary\"\n\t\thref=\"https:\/\/www.emporiovaltaro.it\/?campaign=dona-una-spesa-ad-emporio-solidale-valtaro&#038;donate=1\"\n\t\t\t\taria-label=\"Fai una donazione a Dona una SPESA ad EMPORIO SOLIDALE VALTARO\">\n\t\tDona ora\t<\/a>\n<\/div>\n<\/li>\n<\/ol>\n\n\n<div class=\"wp-block-image\">\n<figure class=\"aligncenter size-large is-resized\"><a href=\"https:\/\/www.csvemilia.it\/\" target=\"_blank\" rel=\"noreferrer noopener\"><img loading=\"lazy\" decoding=\"async\" width=\"600\" height=\"245\" src=\"https:\/\/www.emporiovaltaro.it\/wp-content\/uploads\/2023\/03\/1_Scritta-CSV-Emilia-600x245.jpg\" alt=\"\" class=\"wp-image-1822\" style=\"aspect-ratio:2.442622950819672;width:350px;height:auto\" srcset=\"https:\/\/www.emporiovaltaro.it\/wp-content\/uploads\/2023\/03\/1_Scritta-CSV-Emilia-600x245.jpg 600w, https:\/\/www.emporiovaltaro.it\/wp-content\/uploads\/2023\/03\/1_Scritta-CSV-Emilia-300x123.jpg 300w, https:\/\/www.emporiovaltaro.it\/wp-content\/uploads\/2023\/03\/1_Scritta-CSV-Emilia-768x314.jpg 768w, https:\/\/www.emporiovaltaro.it\/wp-content\/uploads\/2023\/03\/1_Scritta-CSV-Emilia-640x262.jpg 640w, https:\/\/www.emporiovaltaro.it\/wp-content\/uploads\/2023\/03\/1_Scritta-CSV-Emilia.jpg 1417w\" sizes=\"auto, (max-width: 600px) 100vw, 600px\" \/><\/a><\/figure>\n<\/div>\n\n<div class=\"wp-block-image\">\n<figure class=\"aligncenter size-large is-resized\"><a href=\"https:\/\/emporioparma.org\/\" target=\"_blank\" rel=\"noreferrer noopener\"><img loading=\"lazy\" decoding=\"async\" width=\"600\" height=\"111\" src=\"https:\/\/www.emporiovaltaro.it\/wp-content\/uploads\/2023\/03\/logo-emporio-solidale-parma-600x111.webp\" alt=\"\" class=\"wp-image-1823\" style=\"aspect-ratio:5.405869720830351;width:498px;height:auto\" srcset=\"https:\/\/www.emporiovaltaro.it\/wp-content\/uploads\/2023\/03\/logo-emporio-solidale-parma-600x111.webp 600w, https:\/\/www.emporiovaltaro.it\/wp-content\/uploads\/2023\/03\/logo-emporio-solidale-parma-300x55.webp 300w, https:\/\/www.emporiovaltaro.it\/wp-content\/uploads\/2023\/03\/logo-emporio-solidale-parma-640x118.webp 640w, https:\/\/www.emporiovaltaro.it\/wp-content\/uploads\/2023\/03\/logo-emporio-solidale-parma.webp 700w\" sizes=\"auto, (max-width: 600px) 100vw, 600px\" \/><\/a><\/figure>\n<\/div>\n\n\n<p><\/p>\n<div class=\"pdfprnt-buttons pdfprnt-buttons-page pdfprnt-bottom-right\"><a href=\"https:\/\/www.emporiovaltaro.it\/index.php?rest_route=%2Fwp%2Fv2%2Fpages%2F33&print=print\" class=\"pdfprnt-button pdfprnt-button-print\" target=\"_blank\" ><img decoding=\"async\" src=\"https:\/\/www.emporiovaltaro.it\/wp-content\/plugins\/pdf-print\/images\/print.png\" alt=\"image_print\" title=\"Stampa contenuto\" \/><\/a><\/div>","protected":false},"excerpt":{"rendered":"<p>ANCHE TU PUOI SOSTENERCI DONA ALL&#8217;EMPORIO SOLIDALE\u00a0UNA SPESA \u00a0 ATTIVITA&#8217; COMMERCIALI CHE SOSTENGONO IL PROGETTO DONANDO GRATUITAMENTE GENERI DI PRIMA NECESSITA&#8217; LA BOTTEGA DEL PANE DI EROS BINACCHI Via della Libert\u00e0 10 &#8211; Borgo val di Taro Supermercato Carrefour Express BORGO VAL DI TARO &#8211; Piazza Farnese, 9 ENTI PATROCINANTI Comune di BORGO VAL DI TARO \u00a0<\/p>\n","protected":false},"author":113,"featured_media":92,"parent":0,"menu_order":5,"comment_status":"open","ping_status":"open","template":"","meta":{"om_disable_all_campaigns":false,"_monsterinsights_skip_tracking":false,"_monsterinsights_sitenote_active":false,"_monsterinsights_sitenote_note":"","_monsterinsights_sitenote_category":0,"footnotes":""},"tags":[92,9,12],"class_list":["post-33","page","type-page","status-publish","has-post-thumbnail","hentry","tag-emporio-rete","tag-emporio-solidale","tag-rete","campaign-has-no-goal","campaign-is-endless"],"aioseo_notices":[],"_links":{"self":[{"href":"https:\/\/www.emporiovaltaro.it\/index.php?rest_route=\/wp\/v2\/pages\/33","targetHints":{"allow":["GET"]}}],"collection":[{"href":"https:\/\/www.emporiovaltaro.it\/index.php?rest_route=\/wp\/v2\/pages"}],"about":[{"href":"https:\/\/www.emporiovaltaro.it\/index.php?rest_route=\/wp\/v2\/types\/page"}],"author":[{"embeddable":true,"href":"https:\/\/www.emporiovaltaro.it\/index.php?rest_route=\/wp\/v2\/users\/113"}],"replies":[{"embeddable":true,"href":"https:\/\/www.emporiovaltaro.it\/index.php?rest_route=%2Fwp%2Fv2%2Fcomments&post=33"}],"version-history":[{"count":28,"href":"https:\/\/www.emporiovaltaro.it\/index.php?rest_route=\/wp\/v2\/pages\/33\/revisions"}],"predecessor-version":[{"id":2711,"href":"https:\/\/www.emporiovaltaro.it\/index.php?rest_route=\/wp\/v2\/pages\/33\/revisions\/2711"}],"wp:featuredmedia":[{"embeddable":true,"href":"https:\/\/www.emporiovaltaro.it\/index.php?rest_route=\/wp\/v2\/media\/92"}],"wp:attachment":[{"href":"https:\/\/www.emporiovaltaro.it\/index.php?rest_route=%2Fwp%2Fv2%2Fmedia&parent=33"}],"wp:term":[{"taxonomy":"post_tag","embeddable":true,"href":"https:\/\/www.emporiovaltaro.it\/index.php?rest_route=%2Fwp%2Fv2%2Ftags&post=33"}],"curies":[{"name":"wp","href":"https:\/\/api.w.org\/{rel}","templated":true}]}}